{"id":7471,"date":"2022-09-29T11:48:59","date_gmt":"2022-09-29T11:48:59","guid":{"rendered":"https:\/\/genius.sn\/index.php\/services\/"},"modified":"2025-04-09T00:59:46","modified_gmt":"2025-04-09T00:59:46","slug":"services","status":"publish","type":"page","link":"https:\/\/genius.sn\/index.php\/services\/","title":{"rendered":"NOS PRESTATIONS"},"content":{"rendered":"\n<p><\/p>\n\n\n\n<p class=\"has-large-font-size\"><strong>1- Surveillance et Gardiennage<br><\/strong>Nous mettons \u00e0 disposition des agents de s\u00e9curit\u00e9 qualifi\u00e9s pour la surveillance de sites commerciaux,<br>industriels, et r\u00e9sidentiels.<\/p>\n\n\n\n<p class=\"has-large-font-size\"><strong>2- S\u00e9curit\u00e9 Mobile<\/strong><br>Nos \u00e9quipes mobiles m\u00e8nent des patrouilles de s\u00e9curit\u00e9 au niveau des sites de nos clients pour une<br>surveillance active et flexible.<\/p>\n\n\n\n<div class=\"wp-block-cover has-custom-content-position is-position-bottom-left\" style=\"padding-top:var(--wp--preset--spacing--small);padding-right:var(--wp--preset--spacing--small);padding-bottom:var(--wp--preset--spacing--small);padding-left:var(--wp--preset--spacing--small);min-height:140px;aspect-ratio:unset;\"><span aria-hidden=\"true\" class=\"wp-block-cover__background has-secondary-background-color has-background-dim-70 has-background-dim\"><\/span><img loading=\"lazy\" decoding=\"async\" width=\"740\" height=\"940\" class=\"wp-block-cover__image-background wp-image-7512\" alt=\"\" src=\"https:\/\/genius.sn\/wp-content\/uploads\/2025\/01\/GG.jpg\" data-object-fit=\"cover\" srcset=\"https:\/\/genius.sn\/wp-content\/uploads\/2025\/01\/GG.jpg 740w, https:\/\/genius.sn\/wp-content\/uploads\/2025\/01\/GG-236x300.jpg 236w, https:\/\/genius.sn\/wp-content\/uploads\/2025\/01\/GG-441x560.jpg 441w, https:\/\/genius.sn\/wp-content\/uploads\/2025\/01\/GG-600x762.jpg 600w\" sizes=\"auto, (max-width: 740px) 100vw, 740px\" \/><div class=\"wp-block-cover__inner-container is-layout-flow wp-block-cover-is-layout-flow\">\n<p class=\"has-text-align-center has-large-font-size\"><strong>S\u00e9curit\u00e9 \u00c9v\u00e9nementielle<\/strong><br><\/p>\n<\/div><\/div>\n\n\n\n<p class=\"has-large-font-size\">A l\u2019occasion d&rsquo;\u00e9v\u00e9nements publics et priv\u00e9s, nous mobilisons nos troupes pour gestion de la s\u00e9curit\u00e9<br>avant, pendant et apr\u00e8s.<br>4- Syst\u00e8mes de S\u00e9curit\u00e9 \u00c9lectronique<br>Nous proc\u00e9dons \u00e0 l\u2019installation et la maintenance de syst\u00e8mes de surveillance par cam\u00e9ras, alarmes et<br>contr\u00f4les d&rsquo;acc\u00e8s.<\/p>\n\n\n\n<div class=\"wp-block-cover has-custom-content-position is-position-bottom-left\" style=\"padding-top:var(--wp--preset--spacing--small);padding-right:var(--wp--preset--spacing--small);padding-bottom:var(--wp--preset--spacing--small);padding-left:var(--wp--preset--spacing--small);min-height:50px;aspect-ratio:unset;\"><span aria-hidden=\"true\" class=\"wp-block-cover__background has-secondary-background-color has-background-dim-70 has-background-dim\"><\/span><img loading=\"lazy\" decoding=\"async\" width=\"740\" height=\"940\" class=\"wp-block-cover__image-background wp-image-7505\" alt=\"\" src=\"https:\/\/genius.sn\/wp-content\/uploads\/2025\/01\/G3.jpg\" data-object-fit=\"cover\" srcset=\"https:\/\/genius.sn\/wp-content\/uploads\/2025\/01\/G3.jpg 740w, https:\/\/genius.sn\/wp-content\/uploads\/2025\/01\/G3-236x300.jpg 236w, https:\/\/genius.sn\/wp-content\/uploads\/2025\/01\/G3-441x560.jpg 441w, https:\/\/genius.sn\/wp-content\/uploads\/2025\/01\/G3-600x762.jpg 600w\" sizes=\"auto, (max-width: 740px) 100vw, 740px\" \/><div class=\"wp-block-cover__inner-container is-layout-flow wp-block-cover-is-layout-flow\">\n<p class=\"has-text-align-center has-large-font-size\"><strong>Ma\u00eetre-Chien<\/strong><\/p>\n<\/div><\/div>\n\n\n\n<p class=\"has-large-font-size\"><br>Chez GENIUS S\u00e9curit\u00e9, nous sommes fiers de proposer des services de ma\u00eetre-chien, une solution de<br>s\u00e9curit\u00e9 efficace et dissuasive. Nos \u00e9quipes cynophiles sont compos\u00e9es de professionnels hautement<br>qualifi\u00e9s et de chiens rigoureusement entra\u00een\u00e9s pour assurer une protection optimale.<\/p>\n\n\n\n<div class=\"wp-block-cover has-custom-content-position is-position-bottom-left\" style=\"padding-top:var(--wp--preset--spacing--small);padding-right:var(--wp--preset--spacing--small);padding-bottom:var(--wp--preset--spacing--small);padding-left:var(--wp--preset--spacing--small);min-height:91px;aspect-ratio:unset;\"><span aria-hidden=\"true\" class=\"wp-block-cover__background has-secondary-background-color has-background-dim-70 has-background-dim\"><\/span><img loading=\"lazy\" decoding=\"async\" width=\"740\" height=\"940\" class=\"wp-block-cover__image-background wp-image-7514\" alt=\"\" src=\"https:\/\/genius.sn\/wp-content\/uploads\/2025\/01\/GGG.jpg\" data-object-fit=\"cover\" srcset=\"https:\/\/genius.sn\/wp-content\/uploads\/2025\/01\/GGG.jpg 740w, https:\/\/genius.sn\/wp-content\/uploads\/2025\/01\/GGG-236x300.jpg 236w, https:\/\/genius.sn\/wp-content\/uploads\/2025\/01\/GGG-441x560.jpg 441w, https:\/\/genius.sn\/wp-content\/uploads\/2025\/01\/GGG-600x762.jpg 600w\" sizes=\"auto, (max-width: 740px) 100vw, 740px\" \/><div class=\"wp-block-cover__inner-container is-layout-flow wp-block-cover-is-layout-flow\">\n<p class=\"has-text-align-center has-large-font-size\"><strong>Agent de S\u00e9curit\u00e9 Vid\u00e9o<\/strong><\/p>\n<\/div><\/div>\n\n\n\n<p class=\"has-large-font-size\">Nous proposons des services d&rsquo;agents de s\u00e9curit\u00e9 vid\u00e9o pour une surveillance efficace et continue de vos<br>locaux. Nos agents sont sp\u00e9cialement form\u00e9s pour utiliser des syst\u00e8mes de vid\u00e9osurveillance de pointe,<br>assurant ainsi une s\u00e9curit\u00e9 maximale et une r\u00e9activit\u00e9 optimale.<\/p>\n\n\n\n<p class=\"has-large-font-size\"><br><strong>7- Gardiennage de chantier<\/strong><br>Chez GENIUS S\u00e9curit\u00e9, nous offrons des services de gardiennage de chantiers pour garantir la s\u00e9curit\u00e9 et<br>la protection de vos sites en construction. Nos agents de s\u00e9curit\u00e9 exp\u00e9riment\u00e9s surveillent les lieux jour<br>et nuit, pr\u00e9venant les vols, le vandalisme et les intrusions. Gr\u00e2ce \u00e0 une combinaison de patrouilles<br>r\u00e9guli\u00e8res, de surveillance vid\u00e9o et de syst\u00e8mes d&rsquo;alarme avanc\u00e9s, nous assurons un environnement<br>s\u00e9curis\u00e9, permettant \u00e0 vos projets de progresser sans interruption. Faites confiance \u00e0 notre expertise pour<br>prot\u00e9ger vos investissements et maintenir l&rsquo;int\u00e9grit\u00e9 de vos chantiers.<\/p>\n\n\n\n<div class=\"wp-block-group alignfull pattern_multiple_covers has-global-padding is-layout-constrained wp-block-group-is-layout-constrained\" id=\"services\">\n<div style=\"height:84px\" aria-hidden=\"true\" class=\"wp-block-spacer\"><\/div>\n\n\n\n<div style=\"height:46px\" aria-hidden=\"true\" class=\"wp-block-spacer\"><\/div>\n\n\n\n<div class=\"wp-block-columns is-layout-flex wp-container-core-columns-is-layout-28f84493 wp-block-columns-is-layout-flex\">\n<div class=\"wp-block-column is-layout-flow wp-block-column-is-layout-flow\" style=\"padding-top:0;padding-right:0;padding-bottom:0;padding-left:0\"><\/div>\n\n\n\n<div class=\"wp-block-column is-layout-flow wp-block-column-is-layout-flow\" style=\"padding-top:0;padding-right:0;padding-bottom:0;padding-left:0\"><\/div>\n\n\n\n<div class=\"wp-block-column is-layout-flow wp-block-column-is-layout-flow\" style=\"padding-top:0;padding-right:0;padding-bottom:0;padding-left:0\"><\/div>\n<\/div>\n\n\n\n<div style=\"height:103px\" aria-hidden=\"true\" class=\"wp-block-spacer\"><\/div>\n<\/div>\n\n\n\n<div class=\"wp-block-group alignfull has-black-background-color has-background has-global-padding is-layout-constrained wp-container-core-group-is-layout-93707e3a wp-block-group-is-layout-constrained\" id=\"reel\" style=\"margin-top:0px;margin-bottom:0px\">\n<div style=\"height:84px\" aria-hidden=\"true\" class=\"wp-block-spacer\"><\/div>\n\n\n\n<div style=\"height:84px\" aria-hidden=\"true\" class=\"wp-block-spacer\"><\/div>\n<\/div>\n\n\n\n<div style=\"height:28px\" aria-hidden=\"true\" class=\"wp-block-spacer\"><\/div>\n\n\n\n<p><\/p>\n","protected":false},"excerpt":{"rendered":"<p>1- Surveillance et GardiennageNous mettons \u00e0 disposition des agents de s\u00e9curit\u00e9 qualifi\u00e9s pour la surveillance de sites commerciaux,industriels, et r\u00e9sidentiels. 2- S\u00e9curit\u00e9 MobileNos \u00e9quipes mobiles m\u00e8nent des patrouilles de s\u00e9curit\u00e9 au niveau des sites de nos clients pour unesurveillance active et flexible. A l\u2019occasion d&rsquo;\u00e9v\u00e9nements publics et priv\u00e9s, nous mobilisons [&hellip;]<\/p>\n","protected":false},"author":1,"featured_media":0,"parent":0,"menu_order":0,"comment_status":"closed","ping_status":"closed","template":"page-templates\/full-width-no-title.php","meta":{"footnotes":""},"class_list":["post-7471","page","type-page","status-publish","hentry"],"featured_media_urls":[],"_links":{"self":[{"href":"https:\/\/genius.sn\/index.php\/wp-json\/wp\/v2\/pages\/7471","targetHints":{"allow":["GET"]}}],"collection":[{"href":"https:\/\/genius.sn\/index.php\/wp-json\/wp\/v2\/pages"}],"about":[{"href":"https:\/\/genius.sn\/index.php\/wp-json\/wp\/v2\/types\/page"}],"author":[{"embeddable":true,"href":"https:\/\/genius.sn\/index.php\/wp-json\/wp\/v2\/users\/1"}],"replies":[{"embeddable":true,"href":"https:\/\/genius.sn\/index.php\/wp-json\/wp\/v2\/comments?post=7471"}],"version-history":[{"count":3,"href":"https:\/\/genius.sn\/index.php\/wp-json\/wp\/v2\/pages\/7471\/revisions"}],"predecessor-version":[{"id":7599,"href":"https:\/\/genius.sn\/index.php\/wp-json\/wp\/v2\/pages\/7471\/revisions\/7599"}],"wp:attachment":[{"href":"https:\/\/genius.sn\/index.php\/wp-json\/wp\/v2\/media?parent=7471"}],"curies":[{"name":"wp","href":"https:\/\/api.w.org\/{rel}","templated":true}]}}